{"id":1438,"date":"2025-02-17T22:13:14","date_gmt":"2025-02-17T21:13:14","guid":{"rendered":"https:\/\/kinderschutzbund-freiberg.de\/cms\/?page_id=1438"},"modified":"2026-03-26T14:46:44","modified_gmt":"2026-03-26T13:46:44","slug":"vortraege-und-veranstaltungen","status":"publish","type":"page","link":"https:\/\/kinderschutzbund-freiberg.de\/cms\/angebote\/familienzentrum\/vortraege-und-veranstaltungen\/","title":{"rendered":"Vortr\u00e4ge und Veranstaltungen"},"content":{"rendered":"\n<div class=\"wp-block-columns is-layout-flex wp-container-core-columns-is-layout-9d6595d7 wp-block-columns-is-layout-flex\">\n<div class=\"wp-block-column is-layout-flow wp-block-column-is-layout-flow\" style=\"flex-basis:66.66%\">\n<p>Hier finden Sie Angebote f\u00fcr Vortr\u00e4ge und Veranstaltungen &#8211; sowohl mit als auch ohne Kindern.<\/p>\n\n\n\n<h2 class=\"wp-block-heading\">Erste-Hilfe-Kurs bei Baby- und Kleinkindunf\u00e4llen<\/h2>\n\n\n\n<p><strong>Sicher handeln im Notfall!<\/strong><\/p>\n\n\n\n<p>In unserem Erste-Hilfe-Kurs f\u00fcr Babys und Kleinkinder lernen Eltern, Gro\u00dfeltern und Betreuende, wie sie in Notfallsituationen richtig reagieren \u2013 vom Verschlucken kleiner Gegenst\u00e4nde \u00fcber St\u00fcrze bis hin zum Fieberkrampf. Praxisnah, verst\u00e4ndlich und auf die Bed\u00fcrfnisse der Kleinsten abgestimmt. Ideal f\u00fcr alle, die Verantwortung f\u00fcr Kinder tragen.<\/p>\n\n\n\n<figure class=\"wp-block-table\"><table class=\"has-fixed-layout\"><tbody><tr><td>Wann?<\/td><td>27.03.2026<br>15:00 &#8211; 18:00 Uhr<\/td><\/tr><tr><td>Wo?<\/td><td>Familienzentrum<\/td><\/tr><tr><td>Wer?<\/td><td>Bianka M\u00fcller<\/td><\/tr><tr><td>Kosten<\/td><td>20,00 \u20ac \/ Person<\/td><\/tr><\/tbody><\/table><\/figure>\n\n\n\n<p><em>Eine Anmeldung ist unbedingt bis 24.03.2026 erforderlich.<\/em><\/p>\n\n\n\n<h2 class=\"wp-block-heading\">EMMA \u2013 Abende<\/h2>\n\n\n\n<p>Familienalltag ist manchmal turbulent. Kommen Geschwisterkinder in unterschiedlichen Altersgruppen hinzu, wachsen die Herausforderungen, L\u00f6sungen f\u00fcr alle Bed\u00fcrfnisse zu finden immer weiter und werden komplexer. Unter dem Motto <strong>EMMA &#8211; Abend &#8211;<\/strong> <strong>E<\/strong>ltern-<strong>M<\/strong>ut-<strong>M<\/strong>ach-<strong>A<\/strong>bend finden Sie Vortr\u00e4ge rund um Kinder und Familienleben, die aufkl\u00e4ren, neue Impulse geben, Fragen rund um Entwicklung und Erziehung beantworten und schlicht Mut machen sollen!<\/p>\n<\/div>\n\n\n\n<div class=\"wp-block-column is-layout-flow wp-block-column-is-layout-flow\" style=\"flex-basis:33.33%\">\n<div class=\"wp-block-group is-style-sticky-header\"><div class=\"wp-block-group__inner-container is-layout-constrained wp-block-group-is-layout-constrained\">\n<div class=\"kibu contactbox fullwidth\">\n    <div class=\"gutenberg-hint\">Kontakt-Block<\/div>\n                                \n                                                \n                                                                                                                                                \n                <p class='contact' id='contact-1219'>\n                    <span class='name'>Familienzentrum<\/span><br \/>                                        <span class='address'>DKSB RV Freiberg e. V.<\/span><br \/>                    <span class='address2'>Kurt-Handwerk-Stra\u00dfe 2<\/span><br \/>                    <span class='zip_town'>09599 Freiberg<\/span><br \/>                    <span class='phone'>03731 26955-11<\/span><br \/>                    <span class='phone_mobile'>03731 26955-15<\/span><br \/>                    <span class='email'><span id=\"e630990790\">[Bitte JavaScript aktivieren]<\/span><script type=\"text\/javascript\">\/*<![CDATA[*\/eval(\"var a=\\\"1k8B7dg-UvOtC6.HWezAhMaRPxyY+pVs3N@0KTu_jlJLD5Z2ibQSfomIwcEF9XnGrq4\\\";var b=a.split(\\\"\\\").sort().join(\\\"\\\");var c=\\\"Zlobfb5m45m9EXo6SbmD5EFLiX94JXmDkZE5bJ5E28D5\\\";var d=\\\"\\\";for(var e=0;e<c.length;e++)d+=b.charAt(a.indexOf(c.charAt(e)));document.getElementById(\\\"e630990790\\\").innerHTML=\\\"<a href=\\\\\\\"mailto:\\\"+d+\\\"\\\\\\\">\\\"+d+\\\"<\/a>\\\"\")\/*]]>*\/<\/script><\/span>                <\/p>\n                                            <\/div><\/div><\/div>\n<\/div>\n<\/div>\n\n\n\n<h2 class=\"wp-block-heading\">Veranstaltungen in Kooperation mit der AOK Plus<\/h2>\n\n\n\n<h3 class=\"wp-block-heading\">Fu\u00dfgesundheit \u2013 Gesunde Kinderf\u00fc\u00dfe von Anfang an.<\/h3>\n\n\n\n<p>Eltern erfahren, wie sich Kinderf\u00fc\u00dfe gesund entwickeln und warum richtiges Schuhwerk sowie ein nat\u00fcrliches Auftreten dabei eine zentrale Rolle spielen. Es werden Tipps zur F\u00f6rderung starker, beweglicher F\u00fc\u00dfe gegeben und erkl\u00e4rt, wie Fehlstellungen fr\u00fchzeitig erkannt und vermieden werden k\u00f6nnen. Praktische Hinweise f\u00fcr den Alltag unterst\u00fctzen eine gesunde Fu\u00dfentwicklung von Anfang an.<\/p>\n\n\n\n<figure class=\"wp-block-table\"><table class=\"has-fixed-layout\"><tbody><tr><td>Wann?<\/td><td>13.05.2026<br>9:00 &#8211; 11:00 Uhr<\/td><\/tr><tr><td>Wo?<\/td><td>Familienzentrum, Raum 2.06<\/td><\/tr><tr><td>Wer?<\/td><td>Jennifer Riedel (Physiotherapeutin mit der Spezialisierung auf Babys und Kleinkinder)<\/td><\/tr><tr><td>Kosten<\/td><td>kostenfrei<\/td><\/tr><\/tbody><\/table><\/figure>\n\n\n\n<h3 class=\"wp-block-heading\">Rumpelstilzchen \u2013 Wut im Bauch<\/h3>\n\n\n\n<p>In diesem Vortrag erfahren Eltern, warum Wut ein wichtiger Teil der kindlichen Entwicklung ist und wie sich starke Gef\u00fchle im Kleinkindalter \u00e4u\u00dfern. Es werden alltagstaugliche Strategien vermittelt, um Kinder in Wutmomenten einf\u00fchlsam zu begleiten und gleichzeitig Orientierung zu geben. Praktische Tipps helfen dabei, gelassener mit herausfordernden Situationen umzugehen.<\/p>\n\n\n\n<figure class=\"wp-block-table\"><table class=\"has-fixed-layout\"><tbody><tr><td>Wann?<\/td><td>04.06.2026<br>9:00 &#8211; 11:00 Uhr<\/td><\/tr><tr><td>Wo?<\/td><td>Familienzentrum, Raum 2.06<\/td><\/tr><tr><td>Wer?<\/td><td>Susanne Fischer (Examinierte Kinderkrankenschwester und Heilpraktikerin mit Spezialisierung f\u00fcr Kinder) und Yvonne Rose (Systemische Beraterin\/ Therapeutin)<\/td><\/tr><tr><td>Kosten<\/td><td>kostenfrei<\/td><\/tr><\/tbody><\/table><\/figure>\n\n\n\n<h3 class=\"wp-block-heading\">Zahngesundheit \u2013 Gesunde Kinderz\u00e4hne von Anfang an<\/h3>\n\n\n\n<p>In diesem Vortrag erhalten Eltern wichtiges Wissen rund um die Zahnentwicklung im Kindesalter und erfahren, wie Zahngesundheit von Beginn an gef\u00f6rdert werden kann. Thematisiert werden der richtige Umgang mit Schnuller und Trinkflasche sowie h\u00e4ufige Alltagsfragen aus der Praxis. Erg\u00e4nzend gibt es hilfreiche Tipps und Tricks f\u00fcr eine zahngesunde Routine im Familienalltag.<\/p>\n\n\n\n<figure class=\"wp-block-table\"><table class=\"has-fixed-layout\"><tbody><tr><td>Wann?<\/td><td>11.06.2026<br>9:00 &#8211; 11:00 Uhr<\/td><\/tr><tr><td>Wo?<\/td><td>Familienzentrum, Raum 2.06<\/td><\/tr><tr><td>Wer?<\/td><td>Lana Aurich (Ganzheitliche Prophylaxe Expertin der Zahngesundheit)<\/td><\/tr><tr><td>Kosten<\/td><td>kostenfrei<\/td><\/tr><\/tbody><\/table><\/figure>\n\n\n\n<div class=\"kibu foerdererblock\">\n    <div class=\"gutenberg-foerdererblock-hint\">F\u00f6rderer-Block<\/div>\n    \n    \n    <div class='foerderer'>\n                        <div class='item'>  <a title='AOK PLUS' target='_blank' href='https:\/\/www.aok.de\/pk\/plus\/'>    <figure class='logo'><img loading=\"lazy\" decoding=\"async\" width=\"300\" height=\"55\" src=\"https:\/\/kinderschutzbund-freiberg.de\/cms\/wp-content\/uploads\/2025\/02\/Logo-aok-plus-2021.svg_.png\" class=\"foerderer__logo\" alt=\"\" \/>    <\/figure><span class='name'>AOK PLUS<\/span><\/a><\/div>            <\/div>\n            <\/div>\n<\/div>\n\n\n<p><\/p>\n","protected":false},"excerpt":{"rendered":"<p>Hier finden Sie Angebote f\u00fcr Vortr\u00e4ge und Veranstaltungen &#8211; sowohl mit als auch ohne Kindern. Erste-Hilfe-Kurs bei Baby- und Kleinkindunf\u00e4llen Sicher handeln im Notfall! In unserem Erste-Hilfe-Kurs f\u00fcr Babys und Kleinkinder lernen Eltern, Gro\u00dfeltern und Betreuende, wie sie in Notfallsituationen richtig reagieren \u2013 vom Verschlucken kleiner Gegenst\u00e4nde \u00fcber St\u00fcrze bis hin zum Fieberkrampf. Praxisnah, verst\u00e4ndlich [&hellip;]<\/p>\n","protected":false},"author":1,"featured_media":0,"parent":17,"menu_order":0,"comment_status":"closed","ping_status":"closed","template":"","meta":{"_acf_changed":false,"footnotes":""},"class_list":["post-1438","page","type-page","status-publish","hentry"],"acf":[],"_links":{"self":[{"href":"https:\/\/kinderschutzbund-freiberg.de\/cms\/wp-json\/wp\/v2\/pages\/1438","targetHints":{"allow":["GET"]}}],"collection":[{"href":"https:\/\/kinderschutzbund-freiberg.de\/cms\/wp-json\/wp\/v2\/pages"}],"about":[{"href":"https:\/\/kinderschutzbund-freiberg.de\/cms\/wp-json\/wp\/v2\/types\/page"}],"author":[{"embeddable":true,"href":"https:\/\/kinderschutzbund-freiberg.de\/cms\/wp-json\/wp\/v2\/users\/1"}],"replies":[{"embeddable":true,"href":"https:\/\/kinderschutzbund-freiberg.de\/cms\/wp-json\/wp\/v2\/comments?post=1438"}],"version-history":[{"count":49,"href":"https:\/\/kinderschutzbund-freiberg.de\/cms\/wp-json\/wp\/v2\/pages\/1438\/revisions"}],"predecessor-version":[{"id":2855,"href":"https:\/\/kinderschutzbund-freiberg.de\/cms\/wp-json\/wp\/v2\/pages\/1438\/revisions\/2855"}],"up":[{"embeddable":true,"href":"https:\/\/kinderschutzbund-freiberg.de\/cms\/wp-json\/wp\/v2\/pages\/17"}],"wp:attachment":[{"href":"https:\/\/kinderschutzbund-freiberg.de\/cms\/wp-json\/wp\/v2\/media?parent=1438"}],"curies":[{"name":"wp","href":"https:\/\/api.w.org\/{rel}","templated":true}]}}