{"id":19,"date":"2023-11-12T09:41:29","date_gmt":"2023-11-12T08:41:29","guid":{"rendered":"https:\/\/kinderschutzbund-freiberg.de\/cms\/?page_id=19"},"modified":"2026-02-23T21:57:31","modified_gmt":"2026-02-23T20:57:31","slug":"kitas-horte","status":"publish","type":"page","link":"https:\/\/kinderschutzbund-freiberg.de\/cms\/angebote\/kitas-horte\/","title":{"rendered":"Kindertagesst\u00e4tten und Horte"},"content":{"rendered":"\n<p>Der Kinderschutzbund Regionalverband Freiberg e. V. &nbsp;betreibt als gemeinn\u00fctziger Verein sieben Kitas, in welchen \u00fcber 700 Kinder mit ihren Familien verantwortungsvoll betreut, individuell begleitet und fachlich beraten werden. Jede Einrichtung unter der Tr\u00e4gerschaft des Der Kinderschutzbund e.V. arbeitet nach einer eigenen p\u00e4dagogischen Konzeption, in welcher der S\u00e4chsische Bildungsplan umgesetzt ist. Die Kinder stehen mit ihren individuellen Bed\u00fcrfnissen und ihrer Stimme im Mittelpunkt. Gemeinsam stellen sich die Mitarbeitenden den besonderen Anforderungen f\u00fcr Bildung, Erziehung, Betreuung und der Integration von Kindern. Vielf\u00e4ltige Lebensweisen sehen sie als Chance und ber\u00fccksichtigen sie besonders.<\/p>\n\n\n\n<h2 class=\"wp-block-heading\">Freiberg<\/h2>\n\n\n\n<div class=\"wp-block-group\"><div class=\"wp-block-group__inner-container is-layout-constrained wp-block-group-is-layout-constrained\">\n<div class=\"kibu service\" style=\"background-color: ; color: \">\n    <div class=\"gutenberg-serviceblock-hint\">Service-Block<\/div>\n                        <a href='https:\/\/kinderschutzbund-freiberg.de\/cms\/angebote\/kitas-horte\/kita-kibu-freiberg\/' target=''>                <figure class=\"service__image\">\n            <img loading=\"lazy\" decoding=\"async\" width=\"300\" height=\"119\" src=\"https:\/\/kinderschutzbund-freiberg.de\/cms\/wp-content\/uploads\/2025\/02\/Kita-Kibu-1-v2.jpg\" class=\"service__img\" alt=\"\" \/>        <\/figure>\n                    <\/a>                \n    <p class='title'>\n        <a href='https:\/\/kinderschutzbund-freiberg.de\/cms\/angebote\/kitas-horte\/kita-kibu-freiberg\/' target=''>Kita Kibu Freiberg<\/a>        <img loading=\"lazy\" decoding=\"async\" width=\"172\" height=\"152\" src=\"https:\/\/kinderschutzbund-freiberg.de\/cms\/wp-content\/uploads\/2026\/02\/logo-kibu-kita-freiberg.svg\" class=\"service_title__image\" alt=\"\" \/>    <\/p>\n\n    \n    \n                                    <div class='contact'>\n                <span class='name'>Ines Wendisch<\/span><br \/>\n                                    <span class='email'><span id=\"e175480037\">[Bitte JavaScript aktivieren]<\/span><script type=\"text\/javascript\">\/*<![CDATA[*\/eval(\"var a=\\\"yBH12P4nteR-lK5d.S9kECxLwgVZ8fQqDI@viT7A_zhWGuNY6+Upo30MbrcmXjasOFJ\\\";var b=a.split(\\\"\\\").sort().join(\\\"\\\");var c=\\\"p+XzHp+hjKp+0GucmW6jXJhj0GBNcu+hucYHGu\\\";var d=\\\"\\\";for(var e=0;e<c.length;e++)d+=b.charAt(a.indexOf(c.charAt(e)));document.getElementById(\\\"e175480037\\\").innerHTML=\\\"<a href=\\\\\\\"mailto:\\\"+d+\\\"\\\\\\\">\\\"+d+\\\"<\/a>\\\"\")\/*]]>*\/<\/script><\/span>\n                            <\/div>\n            <\/div>\n\n\n<div class=\"kibu service\" style=\"background-color: ; color: \">\n    <div class=\"gutenberg-serviceblock-hint\">Service-Block<\/div>\n                        <a href='https:\/\/kinderschutzbund-freiberg.de\/cms\/angebote\/kitas-horte\/hort-kibu-freiberg\/' target=''>                <figure class=\"service__image\">\n            <img loading=\"lazy\" decoding=\"async\" width=\"300\" height=\"119\" src=\"https:\/\/kinderschutzbund-freiberg.de\/cms\/wp-content\/uploads\/2025\/03\/Hort-Kibu-FG-1-v2.jpg\" class=\"service__img\" alt=\"\" \/>        <\/figure>\n                    <\/a>                \n    <p class='title'>\n        <a href='https:\/\/kinderschutzbund-freiberg.de\/cms\/angebote\/kitas-horte\/hort-kibu-freiberg\/' target=''>Hort Kibu Freiberg<\/a>        <img loading=\"lazy\" decoding=\"async\" width=\"172\" height=\"152\" src=\"https:\/\/kinderschutzbund-freiberg.de\/cms\/wp-content\/uploads\/2026\/02\/logo-kibu-hort-freiberg.svg\" class=\"service_title__image\" alt=\"\" \/>    <\/p>\n\n    \n    \n                                    <div class='contact'>\n                <span class='name'>Antje Mathaj<\/span><br \/>\n                                    <span class='email'><span id=\"e645829662\">[Bitte JavaScript aktivieren]<\/span><script type=\"text\/javascript\">\/*<![CDATA[*\/eval(\"var a=\\\"VyU1CYw78vcZlWPIfzHtJpxoR4-XFAd6hMOm.5G2E@_9qTKNLa+eQkbsigjSrB03Dun\\\";var b=a.split(\\\"\\\").sort().join(\\\"\\\");var c=\\\"Lsjrea_BWeabqTjS9LBrn_BbqyKjTa_TjNUqT\\\";var d=\\\"\\\";for(var e=0;e<c.length;e++)d+=b.charAt(a.indexOf(c.charAt(e)));document.getElementById(\\\"e645829662\\\").innerHTML=\\\"<a href=\\\\\\\"mailto:\\\"+d+\\\"\\\\\\\">\\\"+d+\\\"<\/a>\\\"\")\/*]]>*\/<\/script><\/span>\n                            <\/div>\n            <\/div><\/div><\/div>\n\n\n\n<h2 class=\"wp-block-heading\">Hilbersdorf<\/h2>\n\n\n\n<div class=\"wp-block-group\"><div class=\"wp-block-group__inner-container is-layout-constrained wp-block-group-is-layout-constrained\">\n<div class=\"kibu service\" style=\"background-color: ; color: \">\n    <div class=\"gutenberg-serviceblock-hint\">Service-Block<\/div>\n                        <a href='https:\/\/kinderschutzbund-freiberg.de\/cms\/angebote\/kitas-horte\/kita-kunterbunt-hilbersdorf\/' target=''>                <figure class=\"service__image\">\n            <img loading=\"lazy\" decoding=\"async\" width=\"300\" height=\"225\" src=\"https:\/\/kinderschutzbund-freiberg.de\/cms\/wp-content\/uploads\/2025\/03\/IMG_6950.jpg\" class=\"service__img\" alt=\"\" \/>        <\/figure>\n                    <\/a>                \n    <p class='title'>\n        <a href='https:\/\/kinderschutzbund-freiberg.de\/cms\/angebote\/kitas-horte\/kita-kunterbunt-hilbersdorf\/' target=''>Kita Kunterbunt Hilbersdorf<\/a>        <img loading=\"lazy\" decoding=\"async\" width=\"283\" height=\"156\" src=\"https:\/\/kinderschutzbund-freiberg.de\/cms\/wp-content\/uploads\/2026\/02\/logo-kibu-kita-hilbersdorf.svg\" class=\"service_title__image\" alt=\"\" \/>    <\/p>\n\n    \n    \n                                    <div class='contact'>\n                <span class='name'>Sylke Kaden<\/span><br \/>\n                                    <span class='email'><span id=\"e913569916\">[Bitte JavaScript aktivieren]<\/span><script type=\"text\/javascript\">\/*<![CDATA[*\/eval(\"var a=\\\"-EXQoCDdqn@IbZFy+W0YJwNpH154jMrfaz3T_2sRhGKem7OAxUvLB6g8Vtc.lkSiPu9\\\";var b=a.split(\\\"\\\").sort().join(\\\"\\\");var c=\\\"LUlGXxUBK7c.m8cOZLUgm7c.exkl9KkgmEOc7UK7cAXm7\\\";var d=\\\"\\\";for(var e=0;e<c.length;e++)d+=b.charAt(a.indexOf(c.charAt(e)));document.getElementById(\\\"e913569916\\\").innerHTML=\\\"<a href=\\\\\\\"mailto:\\\"+d+\\\"\\\\\\\">\\\"+d+\\\"<\/a>\\\"\")\/*]]>*\/<\/script><\/span>\n                            <\/div>\n            <\/div><\/div><\/div>\n\n\n\n<h2 class=\"wp-block-heading\">Halsbr\u00fccke<\/h2>\n\n\n\n<div class=\"wp-block-group\"><div class=\"wp-block-group__inner-container is-layout-constrained wp-block-group-is-layout-constrained\">\n<div class=\"kibu service\" style=\"background-color: ; color: \">\n    <div class=\"gutenberg-serviceblock-hint\">Service-Block<\/div>\n                        <a href='https:\/\/kinderschutzbund-freiberg.de\/cms\/angebote\/kitas-horte\/kindertagesstaette-wirbelwind-halsbruecke\/' target=''>                <figure class=\"service__image\">\n            <img loading=\"lazy\" decoding=\"async\" width=\"300\" height=\"225\" src=\"https:\/\/kinderschutzbund-freiberg.de\/cms\/wp-content\/uploads\/2025\/02\/Kita-Halsbruecke-4.jpeg\" class=\"service__img\" alt=\"\" \/>        <\/figure>\n                    <\/a>                \n    <p class='title'>\n        <a href='https:\/\/kinderschutzbund-freiberg.de\/cms\/angebote\/kitas-horte\/kindertagesstaette-wirbelwind-halsbruecke\/' target=''>Kita Wirbelwind Halsbr\u00fccke<\/a>        <img loading=\"lazy\" decoding=\"async\" width=\"283\" height=\"156\" src=\"https:\/\/kinderschutzbund-freiberg.de\/cms\/wp-content\/uploads\/2026\/02\/logo-kibu-kita-halsbruecke.svg\" class=\"service_title__image\" alt=\"\" \/>    <\/p>\n\n    \n    \n                                    <div class='contact'>\n                <span class='name'>Dorit Otto<\/span><br \/>\n                                    <span class='email'><span id=\"e285022446\">[Bitte JavaScript aktivieren]<\/span><script type=\"text\/javascript\">\/*<![CDATA[*\/eval(\"var a=\\\"_f0ez3.2h4IONmWkCK+do-TFJr5pDYuZyEsMvXi6txgP7@9QGnSjw8RbcLBa1lHAqVU\\\";var b=a.split(\\\"\\\").sort().join(\\\"\\\");var c=\\\"jn1x0GxwagBl@Pj@mjnR7@BaPGl1UglR7f9B@ng@BQ07@\\\";var d=\\\"\\\";for(var e=0;e<c.length;e++)d+=b.charAt(a.indexOf(c.charAt(e)));document.getElementById(\\\"e285022446\\\").innerHTML=\\\"<a href=\\\\\\\"mailto:\\\"+d+\\\"\\\\\\\">\\\"+d+\\\"<\/a>\\\"\")\/*]]>*\/<\/script><\/span>\n                            <\/div>\n            <\/div>\n\n\n<div class=\"kibu service\" style=\"background-color: ; color: \">\n    <div class=\"gutenberg-serviceblock-hint\">Service-Block<\/div>\n                        <a href='https:\/\/kinderschutzbund-freiberg.de\/cms\/angebote\/kitas-horte\/hort-wirbelsturm-halsbruecke\/' target=''>                <figure class=\"service__image\">\n            <img loading=\"lazy\" decoding=\"async\" width=\"300\" height=\"165\" src=\"https:\/\/kinderschutzbund-freiberg.de\/cms\/wp-content\/uploads\/2025\/02\/Hort-Halsbruecke-3-v2.jpeg\" class=\"service__img\" alt=\"\" \/>        <\/figure>\n                    <\/a>                \n    <p class='title'>\n        <a href='https:\/\/kinderschutzbund-freiberg.de\/cms\/angebote\/kitas-horte\/hort-wirbelsturm-halsbruecke\/' target=''>Hort Wirbelsturm Halsbr\u00fccke<\/a>        <img loading=\"lazy\" decoding=\"async\" width=\"283\" height=\"156\" src=\"https:\/\/kinderschutzbund-freiberg.de\/cms\/wp-content\/uploads\/2026\/02\/logo-kibu-hort-halsbruecke.svg\" class=\"service_title__image\" alt=\"\" \/>    <\/p>\n\n    \n    \n                                    <div class='contact'>\n                <span class='name'>Iris Grimm<\/span><br \/>\n                                    <span class='email'><span id=\"e831203380\">[Bitte JavaScript aktivieren]<\/span><script type=\"text\/javascript\">\/*<![CDATA[*\/eval(\"var a=\\\"82mG+jvALxdMQzeX6Jch4r_5EC9FpTHP0U-aYsy@wBVWNgZoS3utK.iIk1fDbnlq7OR\\\";var b=a.split(\\\"\\\").sort().join(\\\"\\\");var c=\\\"SIfbmq3fVgKDbnf.zt3iNgfDWSnbRVniN2Zfg3VgfomNg\\\";var d=\\\"\\\";for(var e=0;e<c.length;e++)d+=b.charAt(a.indexOf(c.charAt(e)));document.getElementById(\\\"e831203380\\\").innerHTML=\\\"<a href=\\\\\\\"mailto:\\\"+d+\\\"\\\\\\\">\\\"+d+\\\"<\/a>\\\"\")\/*]]>*\/<\/script><\/span>\n                            <\/div>\n            <\/div><\/div><\/div>\n\n\n\n<h2 class=\"wp-block-heading\">Tuttendorf<\/h2>\n\n\n\n<div class=\"wp-block-group\"><div class=\"wp-block-group__inner-container is-layout-constrained wp-block-group-is-layout-constrained\">\n<div class=\"kibu service\" style=\"background-color: ; color: \">\n    <div class=\"gutenberg-serviceblock-hint\">Service-Block<\/div>\n                        <a href='https:\/\/kinderschutzbund-freiberg.de\/cms\/angebote\/kitas-horte\/kita-waldwichtel-tuttendorf\/' target=''>                <figure class=\"service__image\">\n            <img loading=\"lazy\" decoding=\"async\" width=\"300\" height=\"225\" src=\"https:\/\/kinderschutzbund-freiberg.de\/cms\/wp-content\/uploads\/2025\/02\/Kita-Tuttendorf-5.jpeg\" class=\"service__img\" alt=\"\" \/>        <\/figure>\n                    <\/a>                \n    <p class='title'>\n        <a href='https:\/\/kinderschutzbund-freiberg.de\/cms\/angebote\/kitas-horte\/kita-waldwichtel-tuttendorf\/' target=''>Kita Waldwichtel Tuttendorf<\/a>        <img loading=\"lazy\" decoding=\"async\" width=\"283\" height=\"156\" src=\"https:\/\/kinderschutzbund-freiberg.de\/cms\/wp-content\/uploads\/2026\/02\/logo-kibu-kita-tuttendorf.svg\" class=\"service_title__image\" alt=\"\" \/>    <\/p>\n\n    \n    \n                                    <div class='contact'>\n                <span class='name'>Sylvia Richter<\/span><br \/>\n                                    <span class='email'><span id=\"e7018632\">[Bitte JavaScript aktivieren]<\/span><script type=\"text\/javascript\">\/*<![CDATA[*\/eval(\"var a=\\\"dc5iJYEQXt83bKPuSVwDM9Fg.1GRZULWeT-yvOqkzjsam2A64_ropfIxh7l+@B0NnHC\\\";var b=a.split(\\\"\\\").sort().join(\\\"\\\");var c=\\\"o_@j5@B@@2ImxlAKo_Im2l+a4B@CsBImcAl2_s2l65m2\\\";var d=\\\"\\\";for(var e=0;e<c.length;e++)d+=b.charAt(a.indexOf(c.charAt(e)));document.getElementById(\\\"e7018632\\\").innerHTML=\\\"<a href=\\\\\\\"mailto:\\\"+d+\\\"\\\\\\\">\\\"+d+\\\"<\/a>\\\"\")\/*]]>*\/<\/script><\/span>\n                            <\/div>\n            <\/div><\/div><\/div>\n\n\n\n<h2 class=\"wp-block-heading\">Conradsdorf<\/h2>\n\n\n\n<div class=\"wp-block-group\"><div class=\"wp-block-group__inner-container is-layout-constrained wp-block-group-is-layout-constrained\">\n<div class=\"kibu service\" style=\"background-color: ; color: \">\n    <div class=\"gutenberg-serviceblock-hint\">Service-Block<\/div>\n                        <a href='https:\/\/kinderschutzbund-freiberg.de\/cms\/angebote\/kitas-horte\/kita-sonnenuhr-conradsdorf\/' target=''>                <figure class=\"service__image\">\n            <img loading=\"lazy\" decoding=\"async\" width=\"300\" height=\"225\" src=\"https:\/\/kinderschutzbund-freiberg.de\/cms\/wp-content\/uploads\/2025\/02\/Krippe-Conradsdorf.jpeg\" class=\"service__img\" alt=\"\" \/>        <\/figure>\n                    <\/a>                \n    <p class='title'>\n        <a href='https:\/\/kinderschutzbund-freiberg.de\/cms\/angebote\/kitas-horte\/kita-sonnenuhr-conradsdorf\/' target=''>Kita Sonnenuhr Conradsdorf<\/a>        <img loading=\"lazy\" decoding=\"async\" width=\"283\" height=\"156\" src=\"https:\/\/kinderschutzbund-freiberg.de\/cms\/wp-content\/uploads\/2026\/02\/logo-kibu-kita-conradsdorf.svg\" class=\"service_title__image\" alt=\"\" \/>    <\/p>\n\n    \n    \n                                    <div class='contact'>\n                <span class='name'>Sylvia Richter<\/span><br \/>\n                                    <span class='email'><span id=\"e285450233\">[Bitte JavaScript aktivieren]<\/span><script type=\"text\/javascript\">\/*<![CDATA[*\/eval(\"var a=\\\"LHpJB.Gqwd@sf0ht+j_irFSK3Ex7vPcIWkRY265lXAmaMyQunNbCUO9D4Zoe81Tg-Vz\\\";var b=a.split(\\\"\\\").sort().join(\\\"\\\");var c=\\\"CN8ApaD9oAMeMDoQ0CN9Myoean18zm19MHQoyNmyoupMy\\\";var d=\\\"\\\";for(var e=0;e<c.length;e++)d+=b.charAt(a.indexOf(c.charAt(e)));document.getElementById(\\\"e285450233\\\").innerHTML=\\\"<a href=\\\\\\\"mailto:\\\"+d+\\\"\\\\\\\">\\\"+d+\\\"<\/a>\\\"\")\/*]]>*\/<\/script><\/span>\n                            <\/div>\n            <\/div><\/div><\/div>\n","protected":false},"excerpt":{"rendered":"<p>Der Kinderschutzbund Regionalverband Freiberg e. V. &nbsp;betreibt als gemeinn\u00fctziger Verein sieben Kitas, in welchen \u00fcber 700 Kinder mit ihren Familien verantwortungsvoll betreut, individuell begleitet und fachlich beraten werden. Jede Einrichtung unter der Tr\u00e4gerschaft des Der Kinderschutzbund e.V. arbeitet nach einer eigenen p\u00e4dagogischen Konzeption, in welcher der S\u00e4chsische Bildungsplan umgesetzt ist. Die Kinder stehen mit ihren [&hellip;]<\/p>\n","protected":false},"author":1,"featured_media":0,"parent":15,"menu_order":0,"comment_status":"closed","ping_status":"closed","template":"","meta":{"_acf_changed":false,"footnotes":""},"class_list":["post-19","page","type-page","status-publish","hentry"],"acf":[],"_links":{"self":[{"href":"https:\/\/kinderschutzbund-freiberg.de\/cms\/wp-json\/wp\/v2\/pages\/19","targetHints":{"allow":["GET"]}}],"collection":[{"href":"https:\/\/kinderschutzbund-freiberg.de\/cms\/wp-json\/wp\/v2\/pages"}],"about":[{"href":"https:\/\/kinderschutzbund-freiberg.de\/cms\/wp-json\/wp\/v2\/types\/page"}],"author":[{"embeddable":true,"href":"https:\/\/kinderschutzbund-freiberg.de\/cms\/wp-json\/wp\/v2\/users\/1"}],"replies":[{"embeddable":true,"href":"https:\/\/kinderschutzbund-freiberg.de\/cms\/wp-json\/wp\/v2\/comments?post=19"}],"version-history":[{"count":53,"href":"https:\/\/kinderschutzbund-freiberg.de\/cms\/wp-json\/wp\/v2\/pages\/19\/revisions"}],"predecessor-version":[{"id":2816,"href":"https:\/\/kinderschutzbund-freiberg.de\/cms\/wp-json\/wp\/v2\/pages\/19\/revisions\/2816"}],"up":[{"embeddable":true,"href":"https:\/\/kinderschutzbund-freiberg.de\/cms\/wp-json\/wp\/v2\/pages\/15"}],"wp:attachment":[{"href":"https:\/\/kinderschutzbund-freiberg.de\/cms\/wp-json\/wp\/v2\/media?parent=19"}],"curies":[{"name":"wp","href":"https:\/\/api.w.org\/{rel}","templated":true}]}}