{"id":213,"date":"2024-09-01T23:29:33","date_gmt":"2024-09-01T21:29:33","guid":{"rendered":"https:\/\/kinderschutzbund-freiberg.de\/cms\/?page_id=213"},"modified":"2026-01-27T14:21:28","modified_gmt":"2026-01-27T13:21:28","slug":"elternkurse-starke-eltern-starke-kinder","status":"publish","type":"page","link":"https:\/\/kinderschutzbund-freiberg.de\/cms\/angebote\/familienzentrum\/elternkurse-starke-eltern-starke-kinder\/","title":{"rendered":"Elternkurse \u201eStarke Eltern \u2013 Starke Kinder\u201c"},"content":{"rendered":"\n<div class=\"wp-block-columns is-layout-flex wp-container-core-columns-is-layout-9d6595d7 wp-block-columns-is-layout-flex\">\n<div class=\"wp-block-column is-layout-flow wp-block-column-is-layout-flow\" style=\"flex-basis:66.66%\"><div class=\"wp-block-image\">\n<figure class=\"alignleft size-full is-resized\"><img loading=\"lazy\" decoding=\"async\" width=\"413\" height=\"413\" src=\"https:\/\/kinderschutzbund-freiberg.de\/cms\/wp-content\/uploads\/2024\/09\/image.png\" alt=\"\" class=\"wp-image-223\" style=\"width:200px\"\/><\/figure>\n<\/div>\n\n\n<p>Im Alltag lauern Herausforderungen vor denen Familien stehen und es kommen immer wieder neue hinzu.<\/p>\n\n\n\n<p>Der Kinderschutzbund macht sich f\u00fcr den Schutz ALLER Kinder stark und bietet Unterst\u00fctzungsm\u00f6glichkeiten, damit Kinder in einem starken famili\u00e4ren Umfeld und vor allem ohne k\u00f6rperliche und seelische Gewalt aufwachsen k\u00f6nnen. In der Grundhaltung wird zudem die UN-Kinderrechtskonvention geachtet.<a href=\"https:\/\/kinderschutzbund-freiberg.de\/cms\/wp-content\/uploads\/2018\/10\/Elternkurs-1.jpg\"><\/a><\/p>\n\n\n<div class=\"wp-block-image\">\n<figure class=\"alignright size-full is-resized\"><img loading=\"lazy\" decoding=\"async\" width=\"399\" height=\"398\" src=\"https:\/\/kinderschutzbund-freiberg.de\/cms\/wp-content\/uploads\/2024\/09\/image-1.png\" alt=\"\" class=\"wp-image-224\" style=\"aspect-ratio:1.3333333333333333;object-fit:cover;width:232px;height:auto\"\/><\/figure>\n<\/div>\n\n\n<p>Der Elternkurs ist ein evaluierter Kurs, der nachweislich zu positiven Ver\u00e4nderungen und St\u00e4rkung in der Familie beitr\u00e4gt. Im Familienzentrum des Regionalverbandes Freiberg haben wir die M\u00f6glichkeit, diesen Kurs auch in der Region Freiberg durch ausgebildete Fachkr\u00e4fte anzubieten.<\/p>\n\n\n\n<style type='text\/css'>\n    .responsive-block-spacer.abstand1 {\n        height: 1px;\n    }\n\n    @media screen and ( min-width: 600px ) {\n        .responsive-block-spacer.abstand1 {\n            height: 58px;\n        }\n    }\n<\/style>\n\n<div class=\"responsive-block-spacer abstand1\">\n    <div class='responsive-preview' style='height: 1px;'><\/div>\n<\/div>\n\n\n\n<blockquote class=\"wp-block-quote is-layout-flow wp-block-quote-is-layout-flow\">\n<p><strong>\u201eStarke Eltern \u2013 Starke Kinder\u201c<\/strong><br><a href=\"https:\/\/sesk.de\">Der Elternkurs des Kinderschutzbundes<\/a><\/p>\n<\/blockquote>\n\n\n\n<h2 class=\"wp-block-heading\">Kurs im Video erkl\u00e4rt<\/h2>\n\n\n\n<div class=\"wp-block-buttons is-layout-flex wp-block-buttons-is-layout-flex\">\n<div class=\"wp-block-button\"><a class=\"wp-block-button__link wp-element-button\" href=\"https:\/\/www.youtube.com\/watch?v=q9Sa5eD9CjY\" target=\"_blank\" rel=\"noreferrer noopener\">Kurze Version<\/a><\/div>\n\n\n\n<div class=\"wp-block-button\"><a class=\"wp-block-button__link wp-element-button\" href=\"https:\/\/www.youtube.com\/watch?v=eH_CbOg3c9U\" target=\"_blank\" rel=\"noreferrer noopener\">Lange Version mit Untertiteln<\/a><\/div>\n<\/div>\n\n\n\n<h2 class=\"wp-block-heading\">Inhalt des Kurses<\/h2>\n\n\n\n<p>Der Elternkurs soll nicht:<\/p>\n\n\n\n<ul class=\"wp-block-list\">\n<li>Belehren und tadeln!<\/li>\n<\/ul>\n\n\n\n<p>Der Kurs soll:<\/p>\n\n\n\n<ul class=\"wp-block-list\">\n<li>fachlichen Input geben und m\u00f6gliche L\u00f6sungsstrategien aufzeigen.<\/li>\n\n\n\n<li>den Austausch unter \u201eGleichgesinnten\u201c bieten.<\/li>\n\n\n\n<li>wieder neue Leichtigkeit und Freude ins Familienleben bringen.<\/li>\n<\/ul>\n\n\n\n<p>Was sind Inhalte \/ Wor\u00fcber sprechen wir:<\/p>\n\n\n\n<ul class=\"wp-block-list\">\n<li>Was ist mir und meinem\/meiner Partner:in wichtig in der Erziehung?<\/li>\n\n\n\n<li>Wie wurde ich erzogen?<\/li>\n\n\n\n<li>Wie gut kenne ich mich selbst? Warum reagiere ich manchmal so?<\/li>\n\n\n\n<li>Wie kann ich mein Kind unterst\u00fctzen?<\/li>\n\n\n\n<li>Wie setze ich Grenzen?<\/li>\n\n\n\n<li>Wie treffen wir Vereinbarungen?<\/li>\n\n\n\n<li>Wie l\u00f6sen wir Konflikte?<\/li>\n\n\n\n<li>Wie sind die Strukturen in unserem Alltag?<\/li>\n\n\n\n<li>Warum und wie kommen Dinge bei unserem Kind an \u2013 oder auch nicht?<\/li>\n\n\n\n<li>Wieso ist mein Kind so ein \u201eWutknubbel\u201c?<\/li>\n\n\n\n<li>\u2026<\/li>\n<\/ul>\n\n\n\n<p>Erleben Sie ihren Familienalltag ab und an als Anstrengung und m\u00f6chten gern etwas \u00e4ndern? Dann ist dieser Kurs vielleicht genau das Richtige f\u00fcr Sie! Es geht darum, die Bed\u00fcrfnisse aller Familienmitglieder zu sehen, sowie Verst\u00e4ndnis und L\u00f6sungen zu erzielen.<\/p>\n\n\n\n<h2 class=\"wp-block-heading\">Teilnahme am Kurs<\/h2>\n\n\n\n<figure class=\"wp-block-table is-style-stripes\"><table class=\"has-fixed-layout\"><tbody><tr><td>Wann?<\/td><td>dienstags von 9:00 \u2013 11:00 Uhr<br>Ein neuer Kurs ist ab 2027 geplant.<\/td><\/tr><tr><td>Wo?<\/td><td>Familienzentrum, Raum 2.06<\/td><\/tr><tr><td>Wer?<\/td><td><\/td><\/tr><tr><td>Wie viele Teilnehmer?<\/td><td>6 \u2013 8 Teilnehmer:innen, mit Kinderbetreuung<\/td><\/tr><tr><td>Kosten?<\/td><td>60,-\u20ac \/ Teilnehmer:in (Finanzielle Unterst\u00fctzung ist m\u00f6glich, Rabatt f\u00fcr Paare) f\u00fcr 10 Kurseinheiten\/ Treffen<\/td><\/tr><\/tbody><\/table><\/figure>\n\n\n\n<p>Ist Ihr Interesse geweckt? ALLE Fragen dazu sind Willkommen und gemeinsam finden wir L\u00f6sungen!<\/p>\n\n\n\n<p>Melden Sie sich gern telefonisch oder per Mail bei uns! Sobald gen\u00fcgend Teilnehmer:innen Interesse anmelden, k\u00f6nnen wir einen Starttermin festlegen.<\/p>\n\n\n\n<blockquote class=\"wp-block-quote is-layout-flow wp-block-quote-is-layout-flow\">\n<p>Sie haben Interesse? Dienstagsvormittags k\u00f6nnen Sie sich jedoch nicht einrichten? Dann <a href=\"https:\/\/kinderschutzbund-freiberg.de\/cms\/kontakt\/\" data-type=\"page\" data-id=\"65\">melden Sie sich<\/a> dennoch gern bei uns. Manchmal finden sich L\u00f6sungen.<\/p>\n\n\n\n<p><\/p>\n<\/blockquote>\n<\/div>\n\n\n\n<div class=\"wp-block-column is-layout-flow wp-block-column-is-layout-flow\" style=\"flex-basis:33.33%\">\n<div class=\"kibu contactbox fullwidth\">\n    <div class=\"gutenberg-hint\">Kontakt-Block<\/div>\n                                \n                                                \n                                                                                                                                                \n                <p class='contact' id='contact-1219'>\n                    <span class='name'>Familienzentrum<\/span><br \/>                                        <span class='address'>DKSB RV Freiberg e. V.<\/span><br \/>                    <span class='address2'>Kurt-Handwerk-Stra\u00dfe 2<\/span><br \/>                    <span class='zip_town'>09599 Freiberg<\/span><br \/>                    <span class='phone'>03731 26955-11<\/span><br \/>                    <span class='phone_mobile'>03731 26955-15<\/span><br \/>                    <span class='email'><span id=\"e531755224\">[Bitte JavaScript aktivieren]<\/span><script type=\"text\/javascript\">\/*<![CDATA[*\/eval(\"var a=\\\"p2IDdtS3ZfGL-cYgPW4uaT_H9mJK0EA1elNxhXMByF.8Ub6kjRon@COQVi7s5qzrvw+\\\";var b=a.split(\\\"\\\").sort().join(\\\"\\\");var c=\\\"6FCR@RbO+bO57qCcnROUb7s8jq5+.qOU267bR.b7kIUb\\\";var d=\\\"\\\";for(var e=0;e<c.length;e++)d+=b.charAt(a.indexOf(c.charAt(e)));document.getElementById(\\\"e531755224\\\").innerHTML=\\\"<a href=\\\\\\\"mailto:\\\"+d+\\\"\\\\\\\">\\\"+d+\\\"<\/a>\\\"\")\/*]]>*\/<\/script><\/span>                <\/p>\n                                            <\/div><\/div>\n<\/div>\n","protected":false},"excerpt":{"rendered":"<p>Im Alltag lauern Herausforderungen vor denen Familien stehen und es kommen immer wieder neue hinzu. Der Kinderschutzbund macht sich f\u00fcr den Schutz ALLER Kinder stark und bietet Unterst\u00fctzungsm\u00f6glichkeiten, damit Kinder in einem starken famili\u00e4ren Umfeld und vor allem ohne k\u00f6rperliche und seelische Gewalt aufwachsen k\u00f6nnen. In der Grundhaltung wird zudem die UN-Kinderrechtskonvention geachtet. Der Elternkurs [&hellip;]<\/p>\n","protected":false},"author":1,"featured_media":0,"parent":17,"menu_order":0,"comment_status":"closed","ping_status":"closed","template":"","meta":{"_acf_changed":false,"footnotes":""},"class_list":["post-213","page","type-page","status-publish","hentry"],"acf":[],"_links":{"self":[{"href":"https:\/\/kinderschutzbund-freiberg.de\/cms\/wp-json\/wp\/v2\/pages\/213","targetHints":{"allow":["GET"]}}],"collection":[{"href":"https:\/\/kinderschutzbund-freiberg.de\/cms\/wp-json\/wp\/v2\/pages"}],"about":[{"href":"https:\/\/kinderschutzbund-freiberg.de\/cms\/wp-json\/wp\/v2\/types\/page"}],"author":[{"embeddable":true,"href":"https:\/\/kinderschutzbund-freiberg.de\/cms\/wp-json\/wp\/v2\/users\/1"}],"replies":[{"embeddable":true,"href":"https:\/\/kinderschutzbund-freiberg.de\/cms\/wp-json\/wp\/v2\/comments?post=213"}],"version-history":[{"count":34,"href":"https:\/\/kinderschutzbund-freiberg.de\/cms\/wp-json\/wp\/v2\/pages\/213\/revisions"}],"predecessor-version":[{"id":2766,"href":"https:\/\/kinderschutzbund-freiberg.de\/cms\/wp-json\/wp\/v2\/pages\/213\/revisions\/2766"}],"up":[{"embeddable":true,"href":"https:\/\/kinderschutzbund-freiberg.de\/cms\/wp-json\/wp\/v2\/pages\/17"}],"wp:attachment":[{"href":"https:\/\/kinderschutzbund-freiberg.de\/cms\/wp-json\/wp\/v2\/media?parent=213"}],"curies":[{"name":"wp","href":"https:\/\/api.w.org\/{rel}","templated":true}]}}