{"id":25,"date":"2023-11-12T09:47:35","date_gmt":"2023-11-12T08:47:35","guid":{"rendered":"https:\/\/kinderschutzbund-freiberg.de\/cms\/?page_id=25"},"modified":"2025-04-08T23:29:12","modified_gmt":"2025-04-08T21:29:12","slug":"neuigkeiten","status":"publish","type":"page","link":"https:\/\/kinderschutzbund-freiberg.de\/cms\/neuigkeiten\/","title":{"rendered":"Neuigkeiten"},"content":{"rendered":"<ul class=\"wp-block-categories-list news_categories wp-block-categories\">\t<li class=\"cat-item cat-item-1\"><a href=\"https:\/\/kinderschutzbund-freiberg.de\/cms\/category\/allgemein\/\">Allgemein<\/a> (52)\n<\/li>\n\t<li class=\"cat-item cat-item-119\"><a href=\"https:\/\/kinderschutzbund-freiberg.de\/cms\/category\/familienzentrum\/\">Familienzentrum<\/a> (14)\n<\/li>\n\t<li class=\"cat-item cat-item-113\"><a href=\"https:\/\/kinderschutzbund-freiberg.de\/cms\/category\/hort-kibu-freiberg\/\">Hort Kibu Freiberg<\/a> (5)\n<\/li>\n\t<li class=\"cat-item cat-item-110\"><a href=\"https:\/\/kinderschutzbund-freiberg.de\/cms\/category\/hort-wirbelsturm-halsbruecke\/\">Hort Wirbelsturm Halsbr\u00fccke<\/a> (8)\n<\/li>\n\t<li class=\"cat-item cat-item-112\"><a href=\"https:\/\/kinderschutzbund-freiberg.de\/cms\/category\/kita-kibu-freiberg\/\">Kita Kibu Freiberg<\/a> (6)\n<\/li>\n\t<li class=\"cat-item cat-item-100\"><a href=\"https:\/\/kinderschutzbund-freiberg.de\/cms\/category\/kita-kunterbunt-hilbersdorf\/\">Kita Kunterbunt Hilbersdorf<\/a> (12)\n<\/li>\n\t<li class=\"cat-item cat-item-102\"><a href=\"https:\/\/kinderschutzbund-freiberg.de\/cms\/category\/kita-sonnenuhr-conradsdorf\/\">Kita Sonnenuhr Conradsdorf<\/a> (12)\n<\/li>\n\t<li class=\"cat-item cat-item-104\"><a href=\"https:\/\/kinderschutzbund-freiberg.de\/cms\/category\/kita-waldwichtel-tuttendorf\/\">Kita Waldwichtel Tuttendorf<\/a> (9)\n<\/li>\n\t<li class=\"cat-item cat-item-103\"><a href=\"https:\/\/kinderschutzbund-freiberg.de\/cms\/category\/kita-wirbelwind-halsbruecke\/\">Kita Wirbelwind Halsbr\u00fccke<\/a> (18)\n<\/li>\n\t<li class=\"cat-item cat-item-117\"><a href=\"https:\/\/kinderschutzbund-freiberg.de\/cms\/category\/schulsozialarbeit\/\">Schulsozialarbeit<\/a> (8)\n<\/li>\n\t<li class=\"cat-item cat-item-101\"><a href=\"https:\/\/kinderschutzbund-freiberg.de\/cms\/category\/wichtige-information\/\">Wichtige Information<\/a> (7)\n<\/li>\n<\/ul>\n\n<ul class=\"wp-block-latest-posts__list has-dates wp-block-latest-posts\"><li><div class=\"wp-block-latest-posts__featured-image alignleft\"><img loading=\"lazy\" decoding=\"async\" width=\"150\" height=\"150\" src=\"https:\/\/kinderschutzbund-freiberg.de\/cms\/wp-content\/uploads\/2026\/04\/Jugendbefragung-1-150x150.jpg\" class=\"attachment-thumbnail size-thumbnail wp-post-image\" alt=\"\" style=\"\" \/><\/div><a class=\"wp-block-latest-posts__post-title\" href=\"https:\/\/kinderschutzbund-freiberg.de\/cms\/2026\/04\/22\/jugendbefragung-im-landkreis-mittelsachsen\/\">Jugendbefragung im Landkreis Mittelsachsen<\/a><time datetime=\"2026-04-22T11:42:22+02:00\" class=\"wp-block-latest-posts__post-date\">22. April 2026<\/time><div class=\"wp-block-latest-posts__post-excerpt\"><\/div><\/li>\n<li><div class=\"wp-block-latest-posts__featured-image alignleft\"><img loading=\"lazy\" decoding=\"async\" width=\"150\" height=\"150\" src=\"https:\/\/kinderschutzbund-freiberg.de\/cms\/wp-content\/uploads\/2026\/04\/DSC_8192-150x150.jpg\" class=\"attachment-thumbnail size-thumbnail wp-post-image\" alt=\"\" style=\"\" \/><\/div><a class=\"wp-block-latest-posts__post-title\" href=\"https:\/\/kinderschutzbund-freiberg.de\/cms\/2026\/04\/22\/schulsachsensofa-zu-den-zukunftsperspektiven-junger-menschen\/\">SchulSachsenSofa zu den Zukunftsperspektiven junger Menschen<\/a><time datetime=\"2026-04-22T11:17:42+02:00\" class=\"wp-block-latest-posts__post-date\">22. April 2026<\/time><div class=\"wp-block-latest-posts__post-excerpt\">An der Oberschule Halsbr\u00fccke fand in den vergangenen Monaten ein ganz besonderes Projekt statt: Das SchulSachsenSofa, eine Initiative der Katholischen Akademie des Bistums Dresden-Mei\u00dfen und der Evangelischen Akademie Sachsen, machte in unserer Aula Station. Ziel der Veranstaltung war, Pers\u00f6nlichkeiten des \u00f6ffentlichen Lebens und der Politik mit Jugendlichen aus dem l\u00e4ndlichen Raum zusammenzubringen und \u00fcber genau\u2026\u00a0<a class=\"wp-block-latest-posts__read-more\" href=\"https:\/\/kinderschutzbund-freiberg.de\/cms\/2026\/04\/22\/schulsachsensofa-zu-den-zukunftsperspektiven-junger-menschen\/\" rel=\"noopener noreferrer\"><span class=\"screen-reader-text\">SchulSachsenSofa zu den Zukunftsperspektiven junger Menschen <\/span>weiterlesen<\/a><\/div><\/li>\n<li><div class=\"wp-block-latest-posts__featured-image alignleft\"><img loading=\"lazy\" decoding=\"async\" width=\"150\" height=\"150\" src=\"https:\/\/kinderschutzbund-freiberg.de\/cms\/wp-content\/uploads\/2026\/04\/1-150x150.jpg\" class=\"attachment-thumbnail size-thumbnail wp-post-image\" alt=\"\" style=\"\" \/><\/div><a class=\"wp-block-latest-posts__post-title\" href=\"https:\/\/kinderschutzbund-freiberg.de\/cms\/2026\/04\/20\/spendenaktion-aufgepasst\/\">Gemeinsam Gutes tun \u2013 Kronkorken sammeln und helfen!<\/a><time datetime=\"2026-04-20T09:05:48+02:00\" class=\"wp-block-latest-posts__post-date\">20. April 2026<\/time><div class=\"wp-block-latest-posts__post-excerpt\">Kleine Dinge k\u00f6nnen Gro\u00dfes bewirken: Sammeln Sie schon jetzt flei\u00dfig Kronkorken und unterst\u00fctzen Sie damit die wunderbare Aktion von Marcel Schlenkrich zugunsten des Kinderschutzbundes Freiberg. Mit jedem gesammelten Kronkorken leisten Sie einen wertvollen Beitrag und helfen dabei, wichtige Projekte f\u00fcr Kinder und Familien zu f\u00f6rdern. Machen Sie mit, motivieren Sie Freunde, Familie und Kollegen \u2013\u2026\u00a0<a class=\"wp-block-latest-posts__read-more\" href=\"https:\/\/kinderschutzbund-freiberg.de\/cms\/2026\/04\/20\/spendenaktion-aufgepasst\/\" rel=\"noopener noreferrer\"><span class=\"screen-reader-text\">Gemeinsam Gutes tun \u2013 Kronkorken sammeln und helfen! <\/span>weiterlesen<\/a><\/div><\/li>\n<li><a class=\"wp-block-latest-posts__post-title\" href=\"https:\/\/kinderschutzbund-freiberg.de\/cms\/2026\/04\/13\/manege-frei-in-halsbruecke-wenn-aus-kindern-stolze-artisten-werden\/\">Manege frei in Halsbr\u00fccke: Wenn aus Kindern stolze Artisten werden<\/a><time datetime=\"2026-04-13T11:23:10+02:00\" class=\"wp-block-latest-posts__post-date\">13. April 2026<\/time><div class=\"wp-block-latest-posts__post-excerpt\">In den Winterferien hatte das Zirkusfieber den Halsbr\u00fccker Hort wieder fest im Griff. Bereits die Ank\u00fcndigung sorgte f\u00fcr gro\u00dfe Aufregung unter den Kindern des Hort Wirbelsturm. Kaum war die Nachricht bekannt, dass wieder ein Zirkusprojekt stattfinden wird, waren die Anmeldelisten innerhalb von nur vier Tagen voll. Insgesamt nahmen 28 Hortkinder der 1. bis 4. Klassenstufe\u2026\u00a0<a class=\"wp-block-latest-posts__read-more\" href=\"https:\/\/kinderschutzbund-freiberg.de\/cms\/2026\/04\/13\/manege-frei-in-halsbruecke-wenn-aus-kindern-stolze-artisten-werden\/\" rel=\"noopener noreferrer\"><span class=\"screen-reader-text\">Manege frei in Halsbr\u00fccke: Wenn aus Kindern stolze Artisten werden <\/span>weiterlesen<\/a><\/div><\/li>\n<li><div class=\"wp-block-latest-posts__featured-image alignleft\"><img loading=\"lazy\" decoding=\"async\" width=\"150\" height=\"150\" src=\"https:\/\/kinderschutzbund-freiberg.de\/cms\/wp-content\/uploads\/2026\/04\/2026-04-Spende-Frau-Braune-150x150.jpg\" class=\"attachment-thumbnail size-thumbnail wp-post-image\" alt=\"\" style=\"\" \/><\/div><a class=\"wp-block-latest-posts__post-title\" href=\"https:\/\/kinderschutzbund-freiberg.de\/cms\/2026\/04\/09\/spende-fuer-unser-familienzentrum\/\">Spende f\u00fcr unser Familienzentrum<\/a><time datetime=\"2026-04-09T11:55:40+02:00\" class=\"wp-block-latest-posts__post-date\">9. April 2026<\/time><div class=\"wp-block-latest-posts__post-excerpt\">Durch ein liebevoll gestaltetes Bastelangebot hat Marion Braune Spenden f\u00fcr das Familienzentrum Freiberg gesammelt. Dabei kam eine tolle Summe zusammen, die nun direkt unserer Arbeit mit Familien und Kindern zugutekommt. Wir bedanken uns ganz herzlich bei Frau Braune f\u00fcr ihr Engagement, ihre Kreativit\u00e4t und ihren Einsatz f\u00fcr unser Familienzentrum.&nbsp; Solche Aktionen zeigen, wie viel man\u2026\u00a0<a class=\"wp-block-latest-posts__read-more\" href=\"https:\/\/kinderschutzbund-freiberg.de\/cms\/2026\/04\/09\/spende-fuer-unser-familienzentrum\/\" rel=\"noopener noreferrer\"><span class=\"screen-reader-text\">Spende f\u00fcr unser Familienzentrum <\/span>weiterlesen<\/a><\/div><\/li>\n<\/ul>","protected":false},"excerpt":{"rendered":"","protected":false},"author":1,"featured_media":0,"parent":0,"menu_order":0,"comment_status":"closed","ping_status":"closed","template":"","meta":{"_acf_changed":false,"footnotes":""},"class_list":["post-25","page","type-page","status-publish","hentry"],"acf":[],"_links":{"self":[{"href":"https:\/\/kinderschutzbund-freiberg.de\/cms\/wp-json\/wp\/v2\/pages\/25","targetHints":{"allow":["GET"]}}],"collection":[{"href":"https:\/\/kinderschutzbund-freiberg.de\/cms\/wp-json\/wp\/v2\/pages"}],"about":[{"href":"https:\/\/kinderschutzbund-freiberg.de\/cms\/wp-json\/wp\/v2\/types\/page"}],"author":[{"embeddable":true,"href":"https:\/\/kinderschutzbund-freiberg.de\/cms\/wp-json\/wp\/v2\/users\/1"}],"replies":[{"embeddable":true,"href":"https:\/\/kinderschutzbund-freiberg.de\/cms\/wp-json\/wp\/v2\/comments?post=25"}],"version-history":[{"count":17,"href":"https:\/\/kinderschutzbund-freiberg.de\/cms\/wp-json\/wp\/v2\/pages\/25\/revisions"}],"predecessor-version":[{"id":2190,"href":"https:\/\/kinderschutzbund-freiberg.de\/cms\/wp-json\/wp\/v2\/pages\/25\/revisions\/2190"}],"wp:attachment":[{"href":"https:\/\/kinderschutzbund-freiberg.de\/cms\/wp-json\/wp\/v2\/media?parent=25"}],"curies":[{"name":"wp","href":"https:\/\/api.w.org\/{rel}","templated":true}]}}