{"id":264,"date":"2024-09-02T22:20:07","date_gmt":"2024-09-02T20:20:07","guid":{"rendered":"https:\/\/kinderschutzbund-freiberg.de\/cms\/?page_id=264"},"modified":"2026-02-23T21:53:50","modified_gmt":"2026-02-23T20:53:50","slug":"kita-waldwichtel-tuttendorf","status":"publish","type":"page","link":"https:\/\/kinderschutzbund-freiberg.de\/cms\/angebote\/kitas-horte\/kita-waldwichtel-tuttendorf\/","title":{"rendered":"Kita Waldwichtel Tuttendorf"},"content":{"rendered":"\n<div class=\"wp-block-columns is-layout-flex wp-container-core-columns-is-layout-9d6595d7 wp-block-columns-is-layout-flex\">\n<div class=\"wp-block-column is-layout-flow wp-block-column-is-layout-flow\" style=\"flex-basis:66.66%\">\n<p>Die Kita Waldwichtel in Tuttendorf besuchen Kinder ab 2 Jahren bis zum Schulanfang. In dem ehemaligen Schulgeb\u00e4ude k\u00f6nnen bis zu 70 Kinder betreut werden, davon vier Kinder mit besonderem F\u00f6rderbedarf. Auf zwei Etagen stehen den Kindern viele R\u00e4ume zur Verf\u00fcgung, in denen sie in altershomogenen Gruppen ihren Kita-Alltag erleben. Ein weitl\u00e4ufiges Au\u00dfengel\u00e4nde mit 2 Spielg\u00e4rten umgeben unser Haus und laden zum t\u00e4glichen Spiel im Freien ein. Vor allem der gro\u00dfe Altbaumbestand bietet viele Entdeckungsm\u00f6glichkeiten und einen nat\u00fcrlichen Sonnenschutz. Die d\u00f6rfliche Lage nutzen wir um Kontakte zu verschiedenen Vereinen wie der Feuerwehr zu pflegen und w\u00f6chentliche Waldtage im p\u00e4dagogischen Alltag zu integrieren. Bei jedem Wetter sind die Kinder in der Umgebung unterwegs. Durch eine gute Busanbindung und die N\u00e4he zur Stadt sind wir in wenigen Minuten in Freiberg und besuchen dort regelm\u00e4\u00dfig verschiedene Angebote.<\/p>\n\n\n\n<h2 class=\"wp-block-heading\">Neuigkeiten<\/h2>\n\n\n<ul class=\"wp-block-latest-posts__list has-dates wp-block-latest-posts\"><li><a class=\"wp-block-latest-posts__post-title\" href=\"https:\/\/kinderschutzbund-freiberg.de\/cms\/2026\/04\/07\/einladung\/\">Einladung in die Kita Waldwichtel in Tuttendorf<\/a><time datetime=\"2026-04-07T09:19:41+02:00\" class=\"wp-block-latest-posts__post-date\">7. April 2026<\/time><div class=\"wp-block-latest-posts__post-excerpt\">Freuen Sie sich auf ein buntes Programm mit Kaffee und Kuchen, spannenden Rundg\u00e4ngen durch unser Haus, kreatives Bastelangebot und eine unterhaltsame Aktion f\u00fcr Gro\u00df und Klein. Kommen Sie vorbei, lernen Sie uns kennen und verbringen Sie einen sch\u00f6nen Nachmittag mit uns. Wir freuen uns auf ihren Besuch in der Kita Waldwichtel Tuttendorf, Freiberger Stra\u00dfe 43\u2026\u00a0<a class=\"wp-block-latest-posts__read-more\" href=\"https:\/\/kinderschutzbund-freiberg.de\/cms\/2026\/04\/07\/einladung\/\" rel=\"noopener noreferrer\"><span class=\"screen-reader-text\">Einladung in die Kita Waldwichtel in Tuttendorf <\/span>weiterlesen<\/a><\/div><\/li>\n<li><a class=\"wp-block-latest-posts__post-title\" href=\"https:\/\/kinderschutzbund-freiberg.de\/cms\/2026\/03\/04\/schaut-rein-in-unsere-schoene-krippe-in-conradsdorf\/\">Schaut rein in unsere sch\u00f6ne Kita in Tuttendorf!<\/a><time datetime=\"2026-03-04T14:44:23+01:00\" class=\"wp-block-latest-posts__post-date\">4. M\u00e4rz 2026<\/time><div class=\"wp-block-latest-posts__post-excerpt\"><\/div><\/li>\n<\/ul>\n\n\n<p><a href=\"https:\/\/kinderschutzbund-freiberg.de\/cms\/neuigkeiten\/\" data-type=\"page\" data-id=\"25\">Alle Neuigkeiten lesen<\/a><\/p>\n\n\n\n<h2 class=\"wp-block-heading\">Informationen<\/h2>\n\n\n\n<script type='text\/javascript'>\n    function toggleNextBlock(e) {\n        if ( jQuery(e).parent().next().is(\"script\") ) {\n            return;\n        }\n    \n        jQuery(e).parent().next().toggle();\n        event.preventDefault();\n    }\n\n            jQuery(document).ready(function(){\n            jQuery(\".expandbox\").next().hide();\n        });\n    <\/script>\n\n<div class=\"kibu expandbox collapsed\">\n    <div class=\"gutenberg-expandbox-hint\">N\u00e4chster Block klappbar<\/div>\n    <h2 class='title show-as-kibu-service-block' onClick='toggleNextBlock(this)'>Kapazit\u00e4t<span class='state'>anzeigen\/verbergen<\/span><\/h2><\/div>\n\n\n\n<div class=\"wp-block-group\"><div class=\"wp-block-group__inner-container is-layout-constrained wp-block-group-is-layout-constrained\">\n<p>In der Kita Waldwichtel betreuen wir 70 Kinder in vier altershomogenen Gruppen bis zum dritten Geburtstag. Wir k\u00f6nnen vier Kinder mit besonderem F\u00f6rderbedarf aufnehmen.<\/p>\n<\/div><\/div>\n\n\n\n<script type='text\/javascript'>\n    function toggleNextBlock(e) {\n        if ( jQuery(e).parent().next().is(\"script\") ) {\n            return;\n        }\n    \n        jQuery(e).parent().next().toggle();\n        event.preventDefault();\n    }\n\n            jQuery(document).ready(function(){\n            jQuery(\".expandbox\").next().hide();\n        });\n    <\/script>\n\n<div class=\"kibu expandbox collapsed\">\n    <div class=\"gutenberg-expandbox-hint\">N\u00e4chster Block klappbar<\/div>\n    <h2 class='title show-as-kibu-service-block' onClick='toggleNextBlock(this)'>Einrichtungsleitung<span class='state'>anzeigen\/verbergen<\/span><\/h2><\/div>\n\n\n\n<div class=\"wp-block-group\"><div class=\"wp-block-group__inner-container is-layout-constrained wp-block-group-is-layout-constrained\">\n<p><strong>Sylvia Richter<br><\/strong>Abwesenheitsvertretung: Katrin Bromberger<\/p>\n\n\n\n<script type='text\/javascript'>\n    function toggleNextBlock(e) {\n        if ( jQuery(e).parent().next().is(\"script\") ) {\n            return;\n        }\n    \n        jQuery(e).parent().next().toggle();\n        event.preventDefault();\n    }\n\n            jQuery(document).ready(function(){\n            jQuery(\".expandbox\").next().hide();\n        });\n    <\/script>\n\n<div class=\"kibu expandbox collapsed\">\n    <div class=\"gutenberg-expandbox-hint\">N\u00e4chster Block klappbar<\/div>\n    <h2 class='title show-as-kibu-service-block' onClick='toggleNextBlock(this)'>Unser Team<span class='state'>anzeigen\/verbergen<\/span><\/h2><\/div>\n\n\n\n<p>Unser Team besteht aus staatlich anerkannten Erzieherinnen, einer Dipl.-Sozialp\u00e4dagogin und einer Kollegin mit heilp\u00e4dagogischer Zusatzqualifikation. Unterst\u00fctzt werden wir durch zwei Reinigungsfachkr\u00e4fte, einen Hausmeister und zeitweise durch Praktikantinnen und Praktikanten sowie Auszubildenden.<\/p>\n<\/div><\/div>\n\n\n\n<script type='text\/javascript'>\n    function toggleNextBlock(e) {\n        if ( jQuery(e).parent().next().is(\"script\") ) {\n            return;\n        }\n    \n        jQuery(e).parent().next().toggle();\n        event.preventDefault();\n    }\n\n            jQuery(document).ready(function(){\n            jQuery(\".expandbox\").next().hide();\n        });\n    <\/script>\n\n<div class=\"kibu expandbox collapsed\">\n    <div class=\"gutenberg-expandbox-hint\">N\u00e4chster Block klappbar<\/div>\n    <h2 class='title show-as-kibu-service-block' onClick='toggleNextBlock(this)'>Konzept und Besonderheiten<span class='state'>anzeigen\/verbergen<\/span><\/h2><\/div>\n\n\n\n<div class=\"wp-block-group\"><div class=\"wp-block-group__inner-container is-layout-constrained wp-block-group-is-layout-constrained\">\n<p>Der Leitgedanke unserer Kita \u201eSpielend lernen \u2013 lernend spielen\u201c steht im Mittelpunkt unserer p\u00e4dagogischen Arbeit. Dabei orientieren wir uns selbstverst\u00e4ndlich an der UN-Kinderrechtskonvention und erm\u00f6glichen den Kindern Partizipation und Teilhabe im Kita-Alltag. Die Meinung der Kinder ist uns wichtig und sie werden bei Entscheidungen einbezogen.<\/p>\n\n\n\n<p>Ziel unserer Arbeit sind die St\u00e4rkung von Lebenskompetenzen der Kinder, die F\u00f6rderung eines gesunden Aufwachsens und der Selbstst\u00e4ndigkeit.<\/p>\n\n\n\n<p>Der t\u00e4gliche Aufenthalt in der Natur mit Sport und Spiel, mit Raum f\u00fcr Erkundungen und f\u00fcr das Ausprobieren f\u00f6rdert ein gesundes Aufwachsen. Kneipp-Anwendungen, das Barfu\u00dflaufen im Sommer und Saunabesuche der Vorsch\u00fclerinnen und Vorsch\u00fcler st\u00e4rken das Immunsystem. Regelm\u00e4\u00dfige Sportangebote und eine t\u00e4gliche Auswahl an frischem Obst und Gem\u00fcse erg\u00e4nzen unsere Vorstellung der ganzheitlichen Entwicklung. In regelm\u00e4\u00dfigen Angeboten gehen die Kinder ins \u201eEntenland\u201c und \u201eZahlenland\u201c und lernen dabei Formen, Mengen und Zahlen spielerisch kennen. In der Verkehrserziehung mit dem Polizeidinosaurier und Kinderpolizist der&nbsp;<em>Polizei<\/em>&nbsp;Sachsen, genannt \u201ePoldi\u201c, probieren sich die Kinder beim Fahrradfahren und \u00fcben den sicheren Aufenthalt im Stra\u00dfenverkehr. Zu unseren Wald-FREUNDE-Projekten erkunden wir mit einer fachkundigen Kollegin den Wald und lernen ganz viel \u00fcber dessen Bewohner. Unsere Vorsch\u00fclerinnen und Vorsch\u00fcler besuchen im letzten Kindergartenjahr die Bibliothek und das Theater in Freiberg.<\/p>\n<\/div><\/div>\n\n\n\n<script type='text\/javascript'>\n    function toggleNextBlock(e) {\n        if ( jQuery(e).parent().next().is(\"script\") ) {\n            return;\n        }\n    \n        jQuery(e).parent().next().toggle();\n        event.preventDefault();\n    }\n\n            jQuery(document).ready(function(){\n            jQuery(\".expandbox\").next().hide();\n        });\n    <\/script>\n\n<div class=\"kibu expandbox collapsed\">\n    <div class=\"gutenberg-expandbox-hint\">N\u00e4chster Block klappbar<\/div>\n    <h2 class='title show-as-kibu-service-block' onClick='toggleNextBlock(this)'>Termine und Schlie\u00dfzeiten<span class='state'>anzeigen\/verbergen<\/span><\/h2><\/div>\n\n\n\n<div class=\"wp-block-group\"><div class=\"wp-block-group__inner-container is-layout-constrained wp-block-group-is-layout-constrained\">\n<figure class=\"wp-block-table is-style-stripes\"><table class=\"has-fixed-layout\"><tbody><tr><td>Termine werden demn\u00e4chst bekanntgegeben.<\/td><td><\/td><td><\/td><\/tr><\/tbody><\/table><\/figure>\n<\/div><\/div>\n\n\n\n<script type='text\/javascript'>\n    function toggleNextBlock(e) {\n        if ( jQuery(e).parent().next().is(\"script\") ) {\n            return;\n        }\n    \n        jQuery(e).parent().next().toggle();\n        event.preventDefault();\n    }\n\n            jQuery(document).ready(function(){\n            jQuery(\".expandbox\").next().hide();\n        });\n    <\/script>\n\n<div class=\"kibu expandbox collapsed\">\n    <div class=\"gutenberg-expandbox-hint\">N\u00e4chster Block klappbar<\/div>\n    <h2 class='title show-as-kibu-service-block' onClick='toggleNextBlock(this)'>Elternbeitr\u00e4ge<span class='state'>anzeigen\/verbergen<\/span><\/h2><\/div>\n\n\n\n<div class=\"wp-block-group\"><div class=\"wp-block-group__inner-container is-layout-constrained wp-block-group-is-layout-constrained\">\n<p>Die Gemeinde Halsbr\u00fccke erl\u00e4sst eine Elternbeitragssitzung. Die Elternbeitr\u00e4ge lassen sich auf der Internetseite der Gemeinde Halsbr\u00fccke downloaden. Die Elternbeitr\u00e4ge werden im Oktober jeden Jahres angepasst.<\/p>\n\n\n\n<div class=\"wp-block-buttons is-layout-flex wp-block-buttons-is-layout-flex\">\n<div class=\"wp-block-button\"><a class=\"wp-block-button__link wp-element-button\" href=\"https:\/\/www.halsbruecke.de\/ortsrecht-satzungen.html\" target=\"_blank\" rel=\"noreferrer noopener\">Elternbeitr\u00e4ge<\/a><\/div>\n<\/div>\n<\/div><\/div>\n\n\n\n<script type='text\/javascript'>\n    function toggleNextBlock(e) {\n        if ( jQuery(e).parent().next().is(\"script\") ) {\n            return;\n        }\n    \n        jQuery(e).parent().next().toggle();\n        event.preventDefault();\n    }\n\n            jQuery(document).ready(function(){\n            jQuery(\".expandbox\").next().hide();\n        });\n    <\/script>\n\n<div class=\"kibu expandbox collapsed\">\n    <div class=\"gutenberg-expandbox-hint\">N\u00e4chster Block klappbar<\/div>\n    <h2 class='title show-as-kibu-service-block' onClick='toggleNextBlock(this)'>Unsere Partner<span class='state'>anzeigen\/verbergen<\/span><\/h2><\/div>\n\n\n\n<div class=\"wp-block-group\"><div class=\"wp-block-group__inner-container is-layout-constrained wp-block-group-is-layout-constrained\">\n<p><strong>Familienzentrum Der Kinderschutzbund RV Freiberg e. V.<\/strong><br>Kurt-Handwerk-Stra\u00dfe 2<br>09599 Freiberg<\/p>\n\n\n\n<p><strong>Der Kinderschutzbund RV Freiberg e. V.<\/strong><br><strong>Kita Sonnenuhr Tuttendorf<\/strong><br>Freiberger Str. 43<br>09633 Halsbr\u00fccke<\/p>\n\n\n\n<p><strong>Der Kinderschutzbund RV Freiberg e. V.<\/strong><br><strong>Kita Wirbelwind<\/strong><br>Bergmannsruh 21<br>09633 Halsbr\u00fccke<\/p>\n\n\n\n<p><strong>Grundschule Halsbr\u00fccke mit<\/strong><br><strong>Der Kinderschutzbund RV Freiberg e. V.<\/strong><br><strong>Hort Wirbelsturm<\/strong><br>Am Schulberg 10a<br>09633 Halsbr\u00fccke<\/p>\n\n\n\n<p><strong>Grundschule Niedersch\u00f6na<\/strong><br>Schulgasse 1<br>09633 Halsbr\u00fccke<\/p>\n\n\n\n<p><strong>Gemeinde Halsbr\u00fccke<\/strong><br>Am Ernst-Th\u00e4lmann-Heim 1<br>09633 Halsbr\u00fccke<\/p>\n\n\n\n<p><strong>Berufliches Schulzentrum<\/strong><br><strong>F\u00fcr Agrarwirtschaft, Ern\u00e4hrung und Hauswirtschaft Freiberg mit<br>Fachschulzentrum Freiberg-Zug<\/strong><br>Turnerstra\u00dfe 5<br>09599 Freiberg<\/p>\n\n\n\n<p><strong>Speisenanbieter:<\/strong><\/p>\n\n\n\n<p>Wir sind eine brotb\u00fcchsenfreie Kita und bieten eine Vollverpflegung (Fr\u00fchst\u00fcck, Mittagessen, Vesper) \u00fcber den Essenversorger \u201eDie Kantine\u201c an.<\/p>\n\n\n\n<p><strong>Die Kantine<\/strong><br>Hauptstra\u00dfe 52<br>09633 Halsbr\u00fccke<\/p>\n\n\n\n<p>Tel.: 03731\/7987650<\/p>\n\n\n\n<p><a href=\"https:\/\/die-kantine.net\/\">Die Kantine &amp; Catering (die-kantine.net)<\/a><\/p>\n<\/div><\/div>\n\n\n\n<script type='text\/javascript'>\n    function toggleNextBlock(e) {\n        if ( jQuery(e).parent().next().is(\"script\") ) {\n            return;\n        }\n    \n        jQuery(e).parent().next().toggle();\n        event.preventDefault();\n    }\n\n            jQuery(document).ready(function(){\n            jQuery(\".expandbox\").next().hide();\n        });\n    <\/script>\n\n<div class=\"kibu expandbox collapsed\">\n    <div class=\"gutenberg-expandbox-hint\">N\u00e4chster Block klappbar<\/div>\n    <h2 class='title show-as-kibu-service-block' onClick='toggleNextBlock(this)'>Unterst\u00fctzen Sie uns<span class='state'>anzeigen\/verbergen<\/span><\/h2><\/div>\n\n\n\n<div class=\"wp-block-group\"><div class=\"wp-block-group__inner-container is-layout-constrained wp-block-group-is-layout-constrained\">\n<p>\u00dcber Geld- und Sachspenden freuen wir uns mit unseren Kindern sehr.<\/p>\n\n\n\n<p>Gern k\u00f6nnen Sie uns aber auch ehrenamtlich zum Beispiel als Vorleserin und Vorleser oder bei der Pflege unserer Anlage beim Fr\u00fchjahrs- oder Herbstputz unterst\u00fctzen.<\/p>\n<\/div><\/div>\n<\/div>\n\n\n\n<div class=\"wp-block-column is-layout-flow wp-block-column-is-layout-flow\" style=\"flex-basis:33.33%\">\n<div class=\"wp-block-group is-style-sticky-header\"><div class=\"wp-block-group__inner-container is-layout-constrained wp-block-group-is-layout-constrained\">\n<div class=\"kibu contactbox fullwidth\">\n    <div class=\"gutenberg-hint\">Kontakt-Block<\/div>\n                                \n                                                \n                                                                                                                                                \n                <p class='contact' id='contact-1974'>\n                    <span class='name'>Sylvia Richter<\/span><br \/>                                        <span class='address'>Kita Waldwichtel Tuttendorf<\/span><br \/>                    <span class='address2'>Freiberger Stra\u00dfe 43<\/span><br \/>                    <span class='zip_town'>09633 Halsbr\u00fccke<\/span><br \/>                    <span class='phone'>03731\/33900<\/span><br \/>                                        <span class='email'><span id=\"e209183518\">[Bitte JavaScript aktivieren]<\/span><script type=\"text\/javascript\">\/*<![CDATA[*\/eval(\"var a=\\\"BHMrb45CnG9RpeqPgOWh@3ls28xduf-EA.vDm6LoktzQ+XTNUZSI1F0jYc_aKVwJy7i\\\";var b=a.split(\\\"\\\").sort().join(\\\"\\\");var c=\\\"IZKtMKVKKX0+j_TeIZ0+X_aQUVKizV0+HT_XZzX_NM+X\\\";var d=\\\"\\\";for(var e=0;e<c.length;e++)d+=b.charAt(a.indexOf(c.charAt(e)));document.getElementById(\\\"e209183518\\\").innerHTML=\\\"<a href=\\\\\\\"mailto:\\\"+d+\\\"\\\\\\\">\\\"+d+\\\"<\/a>\\\"\")\/*]]>*\/<\/script><\/span>                <\/p>\n                                                <div class='textarea'>\n        <p><strong>\u00d6ffnungszeiten<\/strong><br \/>\nMo &#8211; Fr: 06:00 &#8211; 16:30 Uhr<\/p>\n    <\/div>\n    <\/div>\n\n\n<div class=\"kibu sidebarbox blau\">\n    <div class=\"gutenberg-sidebarbox-hint\">Sidebar-Box<\/div>\n            <p class='headline'><\/p>\n    \n            <ul class='links'>\n            <li><a href='https:\/\/kinderschutzbund-freiberg.de\/cms\/angebote\/kitas-horte\/kita-waldwichtel-tuttendorf\/kontaktformular-kita-waldwichtel-tuttendorf\/'>Kita kontaktieren<\/a><\/li>        <\/ul>\n        \n\n            <p class='textarea'>\n                    <\/p>\n    <\/div>\n\n\n<div class=\"kibu sidebarbox grau\">\n    <div class=\"gutenberg-sidebarbox-hint\">Sidebar-Box<\/div>\n            <p class='headline'>Downloads<\/p>\n    \n            <ul class='links'>\n            <li><a href='https:\/\/kinderschutzbund-freiberg.de\/cms\/2025-anmeldeformular-halsbruecke\/'>Formular Anmeldung Kita-Betreuung<\/a><\/li><li><a href='https:\/\/kinderschutzbund-freiberg.de\/cms\/antrag-auf-aenderung-des-betreuungsvertrages_gemeinde-halsbruecke\/'>Antrag auf \u00c4nderung des Betreuungsvertrages<\/a><\/li><li><a href='https:\/\/kinderschutzbund-freiberg.de\/cms\/eigenleistung-der-kitas-und-horte\/'>Formular Eigenleistung<\/a><\/li>        <\/ul>\n        \n\n            <p class='textarea'>\n                    <\/p>\n    <\/div>\n\n\n<div class=\"kibu sidebarbox grau\">\n    <div class=\"gutenberg-sidebarbox-hint\">Sidebar-Box<\/div>\n            <p class='headline'>Instagram<\/p>\n    \n        \n\n            <p class='textarea'>\n            <p><a href=\"https:\/\/www.instagram.com\/kita_waldwichtel_tuttendorf\/\" target=\"_blank\" rel=\"noopener\"><img loading=\"lazy\" decoding=\"async\" class=\"alignnone  wp-image-2103\" src=\"https:\/\/kinderschutzbund-freiberg.de\/cms\/wp-content\/uploads\/2025\/04\/qr_kita_waldwichtel-300x300.png\" alt=\"\" width=\"190\" height=\"190\" srcset=\"https:\/\/kinderschutzbund-freiberg.de\/cms\/wp-content\/uploads\/2025\/04\/qr_kita_waldwichtel-300x300.png 300w, https:\/\/kinderschutzbund-freiberg.de\/cms\/wp-content\/uploads\/2025\/04\/qr_kita_waldwichtel-1024x1024.png 1024w, https:\/\/kinderschutzbund-freiberg.de\/cms\/wp-content\/uploads\/2025\/04\/qr_kita_waldwichtel-150x150.png 150w, https:\/\/kinderschutzbund-freiberg.de\/cms\/wp-content\/uploads\/2025\/04\/qr_kita_waldwichtel-768x768.png 768w, https:\/\/kinderschutzbund-freiberg.de\/cms\/wp-content\/uploads\/2025\/04\/qr_kita_waldwichtel.png 1092w\" sizes=\"auto, (max-width: 190px) 100vw, 190px\" \/><\/a><\/p>\n        <\/p>\n    <\/div><\/div><\/div>\n<\/div>\n<\/div>\n","protected":false},"excerpt":{"rendered":"<p>Die Kita Waldwichtel in Tuttendorf besuchen Kinder ab 2 Jahren bis zum Schulanfang. In dem ehemaligen Schulgeb\u00e4ude k\u00f6nnen bis zu 70 Kinder betreut werden, davon vier Kinder mit besonderem F\u00f6rderbedarf. Auf zwei Etagen stehen den Kindern viele R\u00e4ume zur Verf\u00fcgung, in denen sie in altershomogenen Gruppen ihren Kita-Alltag erleben. Ein weitl\u00e4ufiges Au\u00dfengel\u00e4nde mit 2 Spielg\u00e4rten [&hellip;]<\/p>\n","protected":false},"author":1,"featured_media":1076,"parent":19,"menu_order":0,"comment_status":"closed","ping_status":"closed","template":"","meta":{"_acf_changed":false,"footnotes":""},"class_list":["post-264","page","type-page","status-publish","has-post-thumbnail","hentry"],"acf":[],"_links":{"self":[{"href":"https:\/\/kinderschutzbund-freiberg.de\/cms\/wp-json\/wp\/v2\/pages\/264","targetHints":{"allow":["GET"]}}],"collection":[{"href":"https:\/\/kinderschutzbund-freiberg.de\/cms\/wp-json\/wp\/v2\/pages"}],"about":[{"href":"https:\/\/kinderschutzbund-freiberg.de\/cms\/wp-json\/wp\/v2\/types\/page"}],"author":[{"embeddable":true,"href":"https:\/\/kinderschutzbund-freiberg.de\/cms\/wp-json\/wp\/v2\/users\/1"}],"replies":[{"embeddable":true,"href":"https:\/\/kinderschutzbund-freiberg.de\/cms\/wp-json\/wp\/v2\/comments?post=264"}],"version-history":[{"count":41,"href":"https:\/\/kinderschutzbund-freiberg.de\/cms\/wp-json\/wp\/v2\/pages\/264\/revisions"}],"predecessor-version":[{"id":2811,"href":"https:\/\/kinderschutzbund-freiberg.de\/cms\/wp-json\/wp\/v2\/pages\/264\/revisions\/2811"}],"up":[{"embeddable":true,"href":"https:\/\/kinderschutzbund-freiberg.de\/cms\/wp-json\/wp\/v2\/pages\/19"}],"wp:featuredmedia":[{"embeddable":true,"href":"https:\/\/kinderschutzbund-freiberg.de\/cms\/wp-json\/wp\/v2\/media\/1076"}],"wp:attachment":[{"href":"https:\/\/kinderschutzbund-freiberg.de\/cms\/wp-json\/wp\/v2\/media?parent=264"}],"curies":[{"name":"wp","href":"https:\/\/api.w.org\/{rel}","templated":true}]}}