{"id":708,"date":"2024-09-17T19:40:35","date_gmt":"2024-09-17T17:40:35","guid":{"rendered":"https:\/\/kinderschutzbund-freiberg.de\/cms\/?page_id=708"},"modified":"2025-04-13T13:18:13","modified_gmt":"2025-04-13T11:18:13","slug":"schulclub-foerderzentrum-floeha","status":"publish","type":"page","link":"https:\/\/kinderschutzbund-freiberg.de\/cms\/angebote\/schulclubs\/schulclub-foerderzentrum-floeha\/","title":{"rendered":"Schulclub F\u00f6rderzentrum Fl\u00f6ha"},"content":{"rendered":"\n<div class=\"wp-block-columns is-layout-flex wp-container-core-columns-is-layout-9d6595d7 wp-block-columns-is-layout-flex\">\n<div class=\"wp-block-column is-layout-flow wp-block-column-is-layout-flow\" style=\"flex-basis:66.66%\">\n<p>Der Schulclub des F\u00f6rderzentrums Fl\u00f6ha mit dem F\u00f6rderschwerpunkt \u201eLernen\u201c ist t\u00e4glich von 8.00 Uhr &#8211; 13.30 Uhr f\u00fcr die Sch\u00fclerinnen und Sch\u00fcler ge\u00f6ffnet. Er ist Anlaufpunkt in den geplanten Freistunden, Ausfallstunden sowie f\u00fcr die Wartezeit bis zur Bus- oder Taxiabfahrt.<\/p>\n\n\n\n<p>Die p\u00e4dagogischen Ans\u00e4tze und Methoden, die sich f\u00fcr die Schulung von Beteiligungskompetenzen bei den Sch\u00fclern anbieten, sind vielseitig. Es gibt t\u00e4glich offene und zweiw\u00f6chentlich regelm\u00e4\u00dfige Angebote, die eine aktive und selbst bestimmte Freizeitgestaltung unterst\u00fctzen. Dazu geh\u00f6rt zum Beispiel die B\u00fccherei, die mit Unterst\u00fctzung durch Freiwillige sehr gut besucht wird und der Ruheraum, in dem die Sch\u00fclerinnen und Sch\u00fcler durch Vorlesen, Musik und Lichtspiele zur Ruhe kommen k\u00f6nnen.<\/p>\n\n\n\n<p>Als \u201eBewegte Schule\u201c kann und wird der Au\u00dfenbereich t\u00e4glich und bei jedem Wetter genutzt, um sich k\u00f6rperlich zu bet\u00e4tigen. Die Arbeit im Schulclub ist im Schulalltag fest verankert. Zudem ist die Erzieherin Teil des Koordinationsteam GTA und Partizipation &#8211; W\u00fcnsche und Bed\u00fcrfnisse der Sch\u00fclerinnen und Sch\u00fcler k\u00f6nnen so bestm\u00f6glich bei der Planung umgesetzt werden.<\/p>\n<\/div>\n\n\n\n<div class=\"wp-block-column is-layout-flow wp-block-column-is-layout-flow\" style=\"flex-basis:33.33%\">\n<div class=\"kibu contactbox standard\">\n    <div class=\"gutenberg-hint\">Kontakt-Block<\/div>\n                                \n                                                \n                                                                                                                                                \n                <p class='contact' id='contact-1210'>\n                    <span class='name'>Anne Junkereit<\/span><br \/>                                        <span class='address'>F\u00f6rderzentrum Fl\u00f6ha<\/span><br \/>                    <span class='address2'>Schillerstra\u00dfe 4<\/span><br \/>                    <span class='zip_town'>09557 Fl\u00f6ha<\/span><br \/>                    <span class='phone'>03726\/2476<\/span><br \/>                                        <span class='email'><span id=\"e834328397\">[Bitte JavaScript aktivieren]<\/span><script type=\"text\/javascript\">\/*<![CDATA[*\/eval(\"var a=\\\"2R3LUQH57eyKgwvTdbcPnf0j1AsYDVMzuapB_CX6W8mo-SxEkt.4hl@iZIrqNOG+9JF\\\";var b=a.split(\\\"\\\").sort().join(\\\"\\\");var c=\\\"8@@S3.O@4SrStNw4t@-SrqokONFmO@-RxrStmSrE3-S\\\";var d=\\\"\\\";for(var e=0;e<c.length;e++)d+=b.charAt(a.indexOf(c.charAt(e)));document.getElementById(\\\"e834328397\\\").innerHTML=\\\"<a href=\\\\\\\"mailto:\\\"+d+\\\"\\\\\\\">\\\"+d+\\\"<\/a>\\\"\")\/*]]>*\/<\/script><\/span>                <\/p>\n                                                <div class='textarea'>\n        <p><strong>\u00d6ffnungszeiten<\/strong><br \/>\nMo \u2013 Fr: 8.00 Uhr &#8211; 13.30 Uhr<\/p>\n    <\/div>\n    <\/div>\n\n\n<div class=\"kibu sidebarbox grau\">\n    <div class=\"gutenberg-sidebarbox-hint\">Sidebar-Box<\/div>\n            <p class='headline'><\/p>\n    \n            <ul class='links'>\n            <li><a href='https:\/\/www.fsz-floeha.de\/'>Website des F\u00f6rderzentrums<\/a><\/li>        <\/ul>\n        \n\n            <p class='textarea'>\n                    <\/p>\n    <\/div><\/div>\n<\/div>\n","protected":false},"excerpt":{"rendered":"<p>Der Schulclub des F\u00f6rderzentrums Fl\u00f6ha mit dem F\u00f6rderschwerpunkt \u201eLernen\u201c ist t\u00e4glich von 8.00 Uhr &#8211; 13.30 Uhr f\u00fcr die Sch\u00fclerinnen und Sch\u00fcler ge\u00f6ffnet. Er ist Anlaufpunkt in den geplanten Freistunden, Ausfallstunden sowie f\u00fcr die Wartezeit bis zur Bus- oder Taxiabfahrt. Die p\u00e4dagogischen Ans\u00e4tze und Methoden, die sich f\u00fcr die Schulung von Beteiligungskompetenzen bei den Sch\u00fclern [&hellip;]<\/p>\n","protected":false},"author":1,"featured_media":0,"parent":621,"menu_order":0,"comment_status":"closed","ping_status":"closed","template":"","meta":{"_acf_changed":false,"footnotes":""},"class_list":["post-708","page","type-page","status-publish","hentry"],"acf":[],"_links":{"self":[{"href":"https:\/\/kinderschutzbund-freiberg.de\/cms\/wp-json\/wp\/v2\/pages\/708","targetHints":{"allow":["GET"]}}],"collection":[{"href":"https:\/\/kinderschutzbund-freiberg.de\/cms\/wp-json\/wp\/v2\/pages"}],"about":[{"href":"https:\/\/kinderschutzbund-freiberg.de\/cms\/wp-json\/wp\/v2\/types\/page"}],"author":[{"embeddable":true,"href":"https:\/\/kinderschutzbund-freiberg.de\/cms\/wp-json\/wp\/v2\/users\/1"}],"replies":[{"embeddable":true,"href":"https:\/\/kinderschutzbund-freiberg.de\/cms\/wp-json\/wp\/v2\/comments?post=708"}],"version-history":[{"count":7,"href":"https:\/\/kinderschutzbund-freiberg.de\/cms\/wp-json\/wp\/v2\/pages\/708\/revisions"}],"predecessor-version":[{"id":2486,"href":"https:\/\/kinderschutzbund-freiberg.de\/cms\/wp-json\/wp\/v2\/pages\/708\/revisions\/2486"}],"up":[{"embeddable":true,"href":"https:\/\/kinderschutzbund-freiberg.de\/cms\/wp-json\/wp\/v2\/pages\/621"}],"wp:attachment":[{"href":"https:\/\/kinderschutzbund-freiberg.de\/cms\/wp-json\/wp\/v2\/media?parent=708"}],"curies":[{"name":"wp","href":"https:\/\/api.w.org\/{rel}","templated":true}]}}